[INFO] fetching crate sp-trie 2.0.0-rc6...
[INFO] checking sp-trie-2.0.0-rc6 against try#72f88fc4e9458f89516a0b8b0868f3718aec5b47 for pr-74989
[INFO] extracting crate sp-trie 2.0.0-rc6 into /workspace/builds/worker-4/source
[INFO] validating manifest of crates.io crate sp-trie 2.0.0-rc6 on toolchain 72f88fc4e9458f89516a0b8b0868f3718aec5b47
[INFO] running `Command { std: "/workspace/cargo-home/bin/cargo" "+72f88fc4e9458f89516a0b8b0868f3718aec5b47" "read-manifest" "--manifest-path" "Cargo.toml", kill_on_drop: false }`
[INFO] started tweaking crates.io crate sp-trie 2.0.0-rc6
[INFO] finished tweaking crates.io crate sp-trie 2.0.0-rc6
[INFO] tweaked toml for crates.io crate sp-trie 2.0.0-rc6 written to /workspace/builds/worker-4/source/Cargo.toml
[INFO] running `Command { std: "/workspace/cargo-home/bin/cargo" "+72f88fc4e9458f89516a0b8b0868f3718aec5b47" "generate-lockfile" "--manifest-path" "Cargo.toml" "-Zno-index-update", kill_on_drop: false }`
[INFO] running `Command { std: "/workspace/cargo-home/bin/cargo" "+72f88fc4e9458f89516a0b8b0868f3718aec5b47" "fetch" "--locked" "--manifest-path" "Cargo.toml", kill_on_drop: false }`
[INFO] [stderr]     Blocking waiting for file lock on package cache
[INFO] running `Command { std: "docker" "create" "-v" "/var/lib/crater-agent-workspace/builds/worker-4/target:/opt/rustwide/target:rw,Z" "-v" "/var/lib/crater-agent-workspace/builds/worker-4/source:/opt/rustwide/workdir:ro,Z" "-v" "/var/lib/crater-agent-workspace/cargo-home:/opt/rustwide/cargo-home:ro,Z" "-v" "/var/lib/crater-agent-workspace/rustup-home:/opt/rustwide/rustup-home:ro,Z" "-e" "SOURCE_DIR=/opt/rustwide/workdir" "-e" "CARGO_TARGET_DIR=/opt/rustwide/target" "-e" "CARGO_HOME=/opt/rustwide/cargo-home" "-e" "RUSTUP_HOME=/opt/rustwide/rustup-home" "-w" "/opt/rustwide/workdir" "-m" "1610612736" "--user" "0:0" "--network" "none" "rustops/crates-build-env@sha256:d92eaeed33fa75130ca1ee6c8a01d1ffb62bac859dfdfb3450e3e5d1c0146529" "/opt/rustwide/cargo-home/bin/cargo" "+72f88fc4e9458f89516a0b8b0868f3718aec5b47" "metadata" "--no-deps" "--format-version=1", kill_on_drop: false }`
[INFO] [stderr] WARNING: Your kernel does not support swap limit capabilities or the cgroup is not mounted. Memory limited without swap.
[INFO] [stdout] f18ea101c22c8dad237808b7175e9ce82ccf48c518d951cfed90a444370888d5
[INFO] running `Command { std: "docker" "start" "-a" "f18ea101c22c8dad237808b7175e9ce82ccf48c518d951cfed90a444370888d5", kill_on_drop: false }`
[INFO] running `Command { std: "docker" "inspect" "f18ea101c22c8dad237808b7175e9ce82ccf48c518d951cfed90a444370888d5", kill_on_drop: false }`
[INFO] running `Command { std: "docker" "rm" "-f" "f18ea101c22c8dad237808b7175e9ce82ccf48c518d951cfed90a444370888d5", kill_on_drop: false }`
[INFO] [stdout] f18ea101c22c8dad237808b7175e9ce82ccf48c518d951cfed90a444370888d5
[INFO] running `Command { std: "docker" "create" "-v" "/var/lib/crater-agent-workspace/builds/worker-4/target:/opt/rustwide/target:rw,Z" "-v" "/var/lib/crater-agent-workspace/builds/worker-4/source:/opt/rustwide/workdir:ro,Z" "-v" "/var/lib/crater-agent-workspace/cargo-home:/opt/rustwide/cargo-home:ro,Z" "-v" "/var/lib/crater-agent-workspace/rustup-home:/opt/rustwide/rustup-home:ro,Z" "-e" "SOURCE_DIR=/opt/rustwide/workdir" "-e" "CARGO_TARGET_DIR=/opt/rustwide/target" "-e" "CARGO_INCREMENTAL=0" "-e" "RUST_BACKTRACE=full" "-e" "RUSTFLAGS=--cap-lints=forbid" "-e" "CARGO_HOME=/opt/rustwide/cargo-home" "-e" "RUSTUP_HOME=/opt/rustwide/rustup-home" "-w" "/opt/rustwide/workdir" "-m" "1610612736" "--user" "0:0" "--network" "none" "rustops/crates-build-env@sha256:d92eaeed33fa75130ca1ee6c8a01d1ffb62bac859dfdfb3450e3e5d1c0146529" "/opt/rustwide/cargo-home/bin/cargo" "+72f88fc4e9458f89516a0b8b0868f3718aec5b47" "check" "--frozen" "--all" "--all-targets" "--message-format=json", kill_on_drop: false }`
[INFO] [stdout] 065afc5037fb336444f4efb7a491a12580b0950ab40212e8f2640606f6257cf8
[INFO] [stderr] WARNING: Your kernel does not support swap limit capabilities or the cgroup is not mounted. Memory limited without swap.
[INFO] running `Command { std: "docker" "start" "-a" "065afc5037fb336444f4efb7a491a12580b0950ab40212e8f2640606f6257cf8", kill_on_drop: false }`
[INFO] [stderr]    Compiling proc-macro2 v1.0.21
[INFO] [stderr]    Compiling unicode-xid v0.2.1
[INFO] [stderr]    Compiling libc v0.2.77
[INFO] [stderr]     Checking cfg-if v0.1.10
[INFO] [stderr]    Compiling typenum v1.12.0
[INFO] [stderr]    Compiling autocfg v1.0.1
[INFO] [stderr]    Compiling serde_derive v1.0.116
[INFO] [stderr]    Compiling getrandom v0.1.15
[INFO] [stderr]    Compiling byteorder v1.3.4
[INFO] [stderr]    Compiling serde v1.0.116
[INFO] [stderr]     Checking ppv-lite86 v0.2.9
[INFO] [stderr]    Compiling memchr v2.3.3
[INFO] [stderr]     Checking scopeguard v1.1.0
[INFO] [stderr]     Checking arrayvec v0.5.1
[INFO] [stderr]     Checking either v1.6.0
[INFO] [stderr]     Checking radium v0.3.0
[INFO] [stderr]    Compiling crunchy v0.2.2
[INFO] [stderr]     Checking byte-slice-cast v0.3.5
[INFO] [stderr]    Compiling version_check v0.9.2
[INFO] [stderr]     Checking instant v0.1.6
[INFO] [stderr]     Checking rustc-hex v2.1.0
[INFO] [stderr]     Checking byte-tools v0.3.1
[INFO] [stderr]     Checking subtle v1.0.0
[INFO] [stderr]     Checking lazy_static v1.4.0
[INFO] [stderr]     Checking subtle v2.3.0
[INFO] [stderr]     Checking static_assertions v1.1.0
[INFO] [stderr]    Compiling pin-project-internal v0.4.23
[INFO] [stderr]     Checking opaque-debug v0.2.3
[INFO] [stderr]    Compiling log v0.4.11
[INFO] [stderr]    Compiling proc-macro-nested v0.1.6
[INFO] [stderr]     Checking fake-simd v0.1.2
[INFO] [stderr]     Checking parity-wasm v0.41.0
[INFO] [stderr]     Checking futures-sink v0.3.5
[INFO] [stderr]     Checking adler v0.2.3
[INFO] [stderr]     Checking futures-core v0.3.5
[INFO] [stderr]    Compiling failure_derive v0.1.8
[INFO] [stderr]     Checking gimli v0.22.0
[INFO] [stderr]    Compiling proc-macro-hack v0.5.18
[INFO] [stderr]     Checking sp-std v2.0.0-rc6
[INFO] [stderr]     Checking hash-db v0.15.2
[INFO] [stderr]     Checking arrayref v0.3.6
[INFO] [stderr]     Checking rustc-demangle v0.1.16
[INFO] [stderr]     Checking keccak v0.1.0
[INFO] [stderr]     Checking futures-io v0.3.5
[INFO] [stderr]     Checking pin-utils v0.1.0
[INFO] [stderr]     Checking stable_deref_trait v1.2.0
[INFO] [stderr]    Compiling parity-util-mem v0.7.0
[INFO] [stderr]     Checking slab v0.4.2
[INFO] [stderr]     Checking object v0.20.0
[INFO] [stderr]     Checking memory_units v0.3.0
[INFO] [stderr]     Checking environmental v1.1.1
[INFO] [stderr]    Compiling tiny-keccak v2.0.2
[INFO] [stderr]     Checking tinyvec v0.3.4
[INFO] [stderr]     Checking constant_time_eq v0.1.5
[INFO] [stderr]     Checking regex-syntax v0.6.18
[INFO] [stderr]     Checking rustc-hash v1.1.0
[INFO] [stderr]     Checking dyn-clone v1.0.2
[INFO] [stderr]     Checking base58 v0.1.0
[INFO] [stderr]     Checking hex v0.4.2
[INFO] [stderr]     Checking lock_api v0.4.1
[INFO] [stderr]     Checking lock_api v0.3.4
[INFO] [stderr]     Checking bitvec v0.17.4
[INFO] [stderr]     Checking block-padding v0.1.5
[INFO] [stderr]     Checking tracing-core v0.1.16
[INFO] [stderr]     Checking thread_local v1.0.1
[INFO] [stderr]     Checking miniz_oxide v0.4.1
[INFO] [stderr]     Checking futures-channel v0.3.5
[INFO] [stderr]    Compiling num-traits v0.2.12
[INFO] [stderr]    Compiling num-integer v0.1.43
[INFO] [stderr]    Compiling num-bigint v0.2.6
[INFO] [stderr]    Compiling num-rational v0.2.4
[INFO] [stderr]    Compiling hashbrown v0.8.2
[INFO] [stderr]     Checking trie-root v0.16.0
[INFO] [stderr]    Compiling generic-array v0.14.4
[INFO] [stderr]     Checking ed25519 v1.0.2
[INFO] [stderr]     Checking unicode-normalization v0.1.13
[INFO] [stderr]     Checking hash256-std-hasher v0.15.2
[INFO] [stderr]     Checking blake2-rfc v0.2.18
[INFO] [stderr]     Checking aho-corasick v0.7.13
[INFO] [stderr]     Checking uint v0.8.5
[INFO] [stderr]    Compiling quote v1.0.7
[INFO] [stderr]     Checking wasmi-validation v0.3.0
[INFO] [stderr]     Checking parking_lot_core v0.8.0
[INFO] [stderr]     Checking parking_lot_core v0.7.2
[INFO] [stderr]     Checking num_cpus v1.13.0
[INFO] [stderr]     Checking rand_core v0.5.1
[INFO] [stderr]    Compiling syn v1.0.40
[INFO] [stderr]     Checking trie-db v0.22.1
[INFO] [stderr]     Checking parking_lot v0.11.0
[INFO] [stderr]     Checking parking_lot v0.10.2
[INFO] [stderr]     Checking generic-array v0.12.3
[INFO] [stderr]     Checking rand_pcg v0.2.1
[INFO] [stderr]     Checking rand_chacha v0.2.2
[INFO] [stderr]     Checking once_cell v1.4.1
[INFO] [stderr]     Checking digest v0.8.1
[INFO] [stderr]     Checking crypto-mac v0.7.0
[INFO] [stderr]     Checking block-buffer v0.7.3
[INFO] [stderr]     Checking futures-task v0.3.5
[INFO] [stderr]     Checking pbkdf2 v0.3.0
[INFO] [stderr]     Checking rand v0.7.3
[INFO] [stderr]     Checking sha2 v0.8.2
[INFO] [stderr]     Checking hmac v0.7.1
[INFO] [stderr]    Compiling regex v1.3.9
[INFO] [stderr]     Checking hmac-drbg v0.2.0
[INFO] [stderr]     Checking digest v0.9.0
[INFO] [stderr]     Checking block-buffer v0.9.0
[INFO] [stderr]     Checking sha2 v0.9.1
[INFO] [stderr]     Checking addr2line v0.13.0
[INFO] [stderr]     Checking fixed-hash v0.6.1
[INFO] [stderr]     Checking libsecp256k1 v0.3.5
[INFO] [stderr]     Checking twox-hash v1.5.0
[INFO] [stderr]     Checking backtrace v0.3.50
[INFO] [stderr]    Compiling Inflector v0.11.4
[INFO] [stderr]     Checking wasmi v0.6.2
[INFO] [stderr]    Compiling synstructure v0.12.4
[INFO] [stderr]    Compiling zeroize_derive v1.0.0
[INFO] [stderr]    Compiling ref-cast-impl v1.0.2
[INFO] [stderr]    Compiling impl-trait-for-tuples v0.1.3
[INFO] [stderr]    Compiling futures-macro v0.3.5
[INFO] [stderr]    Compiling sp-debug-derive v2.0.0-rc6
[INFO] [stderr]    Compiling tracing-attributes v0.1.11
[INFO] [stderr]    Compiling rental-impl v0.5.5
[INFO] [stderr]    Compiling parity-util-mem-derive v0.1.0
[INFO] [stderr]    Compiling dyn-clonable-impl v0.9.0
[INFO] [stderr]    Compiling derive_more v0.99.10
[INFO] [stderr]     Checking dyn-clonable v0.9.0
[INFO] [stderr]     Checking ref-cast v1.0.2
[INFO] [stderr]     Checking zeroize v1.1.0
[INFO] [stderr]     Checking merlin v2.0.0
[INFO] [stderr]     Checking curve25519-dalek v2.1.0
[INFO] [stderr]     Checking curve25519-dalek v3.0.0
[INFO] [stderr]     Checking secrecy v0.6.0
[INFO] [stderr]     Checking failure v0.1.8
[INFO] [stderr]     Checking tiny-bip39 v0.7.3
[INFO] [stderr]     Checking tracing v0.1.19
[INFO] [stderr]     Checking schnorrkel v0.9.1
[INFO] [stderr]     Checking pin-project v0.4.23
[INFO] [stderr]     Checking futures-util v0.3.5
[INFO] [stderr]     Checking substrate-bip39 v0.4.2
[INFO] [stderr]     Checking futures-executor v0.3.5
[INFO] [stderr]     Checking futures v0.3.5
[INFO] [stderr]     Checking rental v0.5.5
[INFO] [stderr]     Checking sp-tracing v2.0.0-rc6
[INFO] [stderr]     Checking impl-serde v0.3.1
[INFO] [stderr]     Checking impl-serde v0.2.3
[INFO] [stderr]     Checking ed25519-dalek v1.0.0
[INFO] [stderr]    Compiling toml v0.5.6
[INFO] [stderr]    Compiling proc-macro-crate v0.1.5
[INFO] [stderr]    Compiling parity-scale-codec-derive v1.2.2
[INFO] [stderr]    Compiling sp-runtime-interface-proc-macro v2.0.0-rc6
[INFO] [stderr]     Checking parity-scale-codec v1.3.5
[INFO] [stderr]     Checking impl-codec v0.4.2
[INFO] [stderr]     Checking sp-storage v2.0.0-rc6
[INFO] [stderr]     Checking sp-wasm-interface v2.0.0-rc6
[INFO] [stderr]     Checking primitive-types v0.7.2
[INFO] [stderr]     Checking sp-externalities v0.8.0-rc6
[INFO] [stderr]     Checking sp-runtime-interface v2.0.0-rc6
[INFO] [stderr]     Checking memory-db v0.24.1
[INFO] [stderr]     Checking sp-core v2.0.0-rc6
[INFO] [stderr]     Checking sp-trie v2.0.0-rc6 (/opt/rustwide/workdir)
[INFO] [stdout] error[E0432]: unresolved import `trie_standardmap`
[INFO] [stdout]    --> src/lib.rs:471:6
[INFO] [stdout]     |
[INFO] [stdout] 471 |     use trie_standardmap::{Alphabet, ValueMode, StandardMap};
[INFO] [stdout]     |         ^^^^^^^^^^^^^^^^ use of undeclared type or module `trie_standardmap`
[INFO] [stdout] 
[INFO] [stdout] 
[INFO] [stdout] error[E0432]: unresolved import `hex_literal`
[INFO] [stdout]    --> src/lib.rs:472:6
[INFO] [stdout]     |
[INFO] [stdout] 472 |     use hex_literal::hex;
[INFO] [stdout]     |         ^^^^^^^^^^^ use of undeclared type or module `hex_literal`
[INFO] [stdout] 
[INFO] [stdout] 
[INFO] [stdout] error: cannot determine resolution for the macro `hex`
[INFO] [stdout]    --> src/lib.rs:751:5
[INFO] [stdout]     |
[INFO] [stdout] 751 |             (hex!("0103000000000000000464").to_vec(), hex!("0400000000").to_vec()),
[INFO] [stdout]     |              ^^^
[INFO] [stdout]     |
[INFO] [stdout]     = note: import resolution is stuck, try simplifying macro imports
[INFO] [stdout] 
[INFO] [stdout] 
[INFO] [stdout] error: cannot determine resolution for the macro `hex`
[INFO] [stdout]    --> src/lib.rs:751:46
[INFO] [stdout]     |
[INFO] [stdout] 751 |             (hex!("0103000000000000000464").to_vec(), hex!("0400000000").to_vec()),
[INFO] [stdout]     |                                                       ^^^
[INFO] [stdout]     |
[INFO] [stdout]     = note: import resolution is stuck, try simplifying macro imports
[INFO] [stdout] 
[INFO] [stdout] 
[INFO] [stdout] error: cannot determine resolution for the macro `hex`
[INFO] [stdout]    --> src/lib.rs:752:5
[INFO] [stdout]     |
[INFO] [stdout] 752 |             (hex!("0103000000000000000469").to_vec(), hex!("0401000000").to_vec()),
[INFO] [stdout]     |              ^^^
[INFO] [stdout]     |
[INFO] [stdout]     = note: import resolution is stuck, try simplifying macro imports
[INFO] [stdout] 
[INFO] [stdout] 
[INFO] [stdout] error: cannot determine resolution for the macro `hex`
[INFO] [stdout]    --> src/lib.rs:752:46
[INFO] [stdout]     |
[INFO] [stdout] 752 |             (hex!("0103000000000000000469").to_vec(), hex!("0401000000").to_vec()),
[INFO] [stdout]     |                                                       ^^^
[INFO] [stdout]     |
[INFO] [stdout]     = note: import resolution is stuck, try simplifying macro imports
[INFO] [stdout] 
[INFO] [stdout] 
[INFO] [stdout] error: cannot determine resolution for the macro `hex`
[INFO] [stdout]    --> src/lib.rs:774:5
[INFO] [stdout]     |
[INFO] [stdout] 774 |             (hex!("0102").to_vec(), hex!("01").to_vec()),
[INFO] [stdout]     |              ^^^
[INFO] [stdout]     |
[INFO] [stdout]     = note: import resolution is stuck, try simplifying macro imports
[INFO] [stdout] 
[INFO] [stdout] 
[INFO] [stdout] error: cannot determine resolution for the macro `hex`
[INFO] [stdout]    --> src/lib.rs:774:28
[INFO] [stdout]     |
[INFO] [stdout] 774 |             (hex!("0102").to_vec(), hex!("01").to_vec()),
[INFO] [stdout]     |                                     ^^^
[INFO] [stdout]     |
[INFO] [stdout]     = note: import resolution is stuck, try simplifying macro imports
[INFO] [stdout] 
[INFO] [stdout] 
[INFO] [stdout] error: cannot determine resolution for the macro `hex`
[INFO] [stdout]    --> src/lib.rs:775:5
[INFO] [stdout]     |
[INFO] [stdout] 775 |             (hex!("0203").to_vec(), hex!("0405").to_vec()),
[INFO] [stdout]     |              ^^^
[INFO] [stdout]     |
[INFO] [stdout]     = note: import resolution is stuck, try simplifying macro imports
[INFO] [stdout] 
[INFO] [stdout] 
[INFO] [stdout] error: cannot determine resolution for the macro `hex`
[INFO] [stdout]    --> src/lib.rs:775:28
[INFO] [stdout]     |
[INFO] [stdout] 775 |             (hex!("0203").to_vec(), hex!("0405").to_vec()),
[INFO] [stdout]     |                                     ^^^
[INFO] [stdout]     |
[INFO] [stdout]     = note: import resolution is stuck, try simplifying macro imports
[INFO] [stdout] 
[INFO] [stdout] 
[INFO] [stdout] error: cannot determine resolution for the macro `hex`
[INFO] [stdout]    --> src/lib.rs:782:35
[INFO] [stdout]     |
[INFO] [stdout] 782 |         let non_included_key: Vec<u8> = hex!("0909").to_vec();
[INFO] [stdout]     |                                         ^^^
[INFO] [stdout]     |
[INFO] [stdout]     = note: import resolution is stuck, try simplifying macro imports
[INFO] [stdout] 
[INFO] [stdout] 
[INFO] [stdout] error: cannot determine resolution for the macro `hex`
[INFO] [stdout]    --> src/lib.rs:801:31
[INFO] [stdout]     |
[INFO] [stdout] 801 |                 &[(non_included_key, Some(hex!("1010").to_vec()))],
[INFO] [stdout]     |                                           ^^^
[INFO] [stdout]     |
[INFO] [stdout]     = note: import resolution is stuck, try simplifying macro imports
[INFO] [stdout] 
[INFO] [stdout] 
[INFO] [stdout] error: cannot determine resolution for the macro `hex`
[INFO] [stdout]    --> src/lib.rs:809:5
[INFO] [stdout]     |
[INFO] [stdout] 809 |             (hex!("0102").to_vec(), hex!("01").to_vec()),
[INFO] [stdout]     |              ^^^
[INFO] [stdout]     |
[INFO] [stdout]     = note: import resolution is stuck, try simplifying macro imports
[INFO] [stdout] 
[INFO] [stdout] 
[INFO] [stdout] error: cannot determine resolution for the macro `hex`
[INFO] [stdout]    --> src/lib.rs:809:28
[INFO] [stdout]     |
[INFO] [stdout] 809 |             (hex!("0102").to_vec(), hex!("01").to_vec()),
[INFO] [stdout]     |                                     ^^^
[INFO] [stdout]     |
[INFO] [stdout]     = note: import resolution is stuck, try simplifying macro imports
[INFO] [stdout] 
[INFO] [stdout] 
[INFO] [stdout] error: cannot determine resolution for the macro `hex`
[INFO] [stdout]    --> src/lib.rs:810:5
[INFO] [stdout]     |
[INFO] [stdout] 810 |             (hex!("0203").to_vec(), hex!("0405").to_vec()),
[INFO] [stdout]     |              ^^^
[INFO] [stdout]     |
[INFO] [stdout]     = note: import resolution is stuck, try simplifying macro imports
[INFO] [stdout] 
[INFO] [stdout] 
[INFO] [stdout] error: cannot determine resolution for the macro `hex`
[INFO] [stdout]    --> src/lib.rs:810:28
[INFO] [stdout]     |
[INFO] [stdout] 810 |             (hex!("0203").to_vec(), hex!("0405").to_vec()),
[INFO] [stdout]     |                                     ^^^
[INFO] [stdout]     |
[INFO] [stdout]     = note: import resolution is stuck, try simplifying macro imports
[INFO] [stdout] 
[INFO] [stdout] 
[INFO] [stdout] error: cannot determine resolution for the macro `hex`
[INFO] [stdout]    --> src/lib.rs:843:8
[INFO] [stdout]     |
[INFO] [stdout] 843 |                 &[(hex!("4242").to_vec(), Some(pairs[0].1.clone()))]
[INFO] [stdout]     |                    ^^^
[INFO] [stdout]     |
[INFO] [stdout]     = note: import resolution is stuck, try simplifying macro imports
[INFO] [stdout] 
[INFO] [stdout] 
[INFO] [stdout] error: aborting due to 17 previous errors
[INFO] [stdout] 
[INFO] [stdout] 
[INFO] [stdout] For more information about this error, try `rustc --explain E0432`.
[INFO] [stdout] 
[INFO] [stderr] error: could not compile `sp-trie`.
[INFO] [stderr] 
[INFO] [stderr] To learn more, run the command again with --verbose.
[INFO] [stderr] warning: build failed, waiting for other jobs to finish...
[INFO] [stdout] error[E0432]: unresolved import `criterion`
[INFO] [stdout]   --> benches/bench.rs:17:5
[INFO] [stdout]    |
[INFO] [stdout] 17 | use criterion::{Criterion, criterion_group, criterion_main};
[INFO] [stdout]    |     ^^^^^^^^^ use of undeclared type or module `criterion`
[INFO] [stdout] 
[INFO] [stdout] 
[INFO] [stdout] error: cannot determine resolution for the macro `criterion_main`
[INFO] [stdout]   --> benches/bench.rs:19:1
[INFO] [stdout]    |
[INFO] [stdout] 19 | criterion_main!(benches);
[INFO] [stdout]    | ^^^^^^^^^^^^^^
[INFO] [stdout]    |
[INFO] [stdout]    = note: import resolution is stuck, try simplifying macro imports
[INFO] [stdout] 
[INFO] [stdout] 
[INFO] [stdout] error: cannot determine resolution for the macro `criterion_group`
[INFO] [stdout]   --> benches/bench.rs:18:1
[INFO] [stdout]    |
[INFO] [stdout] 18 | criterion_group!(benches, benchmark);
[INFO] [stdout]    | ^^^^^^^^^^^^^^^
[INFO] [stdout]    |
[INFO] [stdout]    = note: import resolution is stuck, try simplifying macro imports
[INFO] [stdout] 
[INFO] [stdout] 
[INFO] [stdout] error[E0433]: failed to resolve: use of undeclared type or module `trie_bench`
[INFO] [stdout]   --> benches/bench.rs:22:2
[INFO] [stdout]    |
[INFO] [stdout] 22 |     trie_bench::standard_benchmark::<
[INFO] [stdout]    |     ^^^^^^^^^^ use of undeclared type or module `trie_bench`
[INFO] [stdout] 
[INFO] [stdout] 
[INFO] [stdout] error[E0433]: failed to resolve: use of undeclared type or module `sp_runtime`
[INFO] [stdout]   --> benches/bench.rs:23:19
[INFO] [stdout]    |
[INFO] [stdout] 23 |         sp_trie::Layout<sp_runtime::traits::BlakeTwo256>,
[INFO] [stdout]    |                         ^^^^^^^^^^ use of undeclared type or module `sp_runtime`
[INFO] [stdout] 
[INFO] [stdout] 
[INFO] [stdout] error[E0433]: failed to resolve: use of undeclared type or module `trie_bench`
[INFO] [stdout]   --> benches/bench.rs:26:2
[INFO] [stdout]    |
[INFO] [stdout] 26 |     trie_bench::standard_benchmark::<
[INFO] [stdout]    |     ^^^^^^^^^^ use of undeclared type or module `trie_bench`
[INFO] [stdout] 
[INFO] [stdout] 
[INFO] [stdout] error[E0433]: failed to resolve: use of undeclared type or module `sp_runtime`
[INFO] [stdout]   --> benches/bench.rs:27:19
[INFO] [stdout]    |
[INFO] [stdout] 27 |         sp_trie::Layout<sp_runtime::traits::BlakeTwo256>,
[INFO] [stdout]    |                         ^^^^^^^^^^ use of undeclared type or module `sp_runtime`
[INFO] [stdout] 
[INFO] [stdout] 
[INFO] [stdout] error[E0601]: `main` function not found in crate `bench`
[INFO] [stdout]   --> benches/bench.rs:17:1
[INFO] [stdout]    |
[INFO] [stdout] 17 | / use criterion::{Criterion, criterion_group, criterion_main};
[INFO] [stdout] 18 | | criterion_group!(benches, benchmark);
[INFO] [stdout] 19 | | criterion_main!(benches);
[INFO] [stdout] 20 | |
[INFO] [stdout] ...  |
[INFO] [stdout] 29 | |     >(c, "substrate-keccak");
[INFO] [stdout] 30 | | }
[INFO] [stdout]    | |_^ consider adding a `main` function to `benches/bench.rs`
[INFO] [stdout] 
[INFO] [stdout] 
[INFO] [stdout] error: aborting due to 8 previous errors
[INFO] [stdout] 
[INFO] [stdout] 
[INFO] [stdout] Some errors have detailed explanations: E0432, E0433, E0601.
[INFO] [stdout] 
[INFO] [stdout] For more information about an error, try `rustc --explain E0432`.
[INFO] [stdout] 
[INFO] [stderr] error: build failed
[INFO] running `Command { std: "docker" "inspect" "065afc5037fb336444f4efb7a491a12580b0950ab40212e8f2640606f6257cf8", kill_on_drop: false }`
[INFO] running `Command { std: "docker" "rm" "-f" "065afc5037fb336444f4efb7a491a12580b0950ab40212e8f2640606f6257cf8", kill_on_drop: false }`
[INFO] [stdout] 065afc5037fb336444f4efb7a491a12580b0950ab40212e8f2640606f6257cf8
